{"id":49,"date":"2018-07-23T11:53:21","date_gmt":"2018-07-23T11:53:21","guid":{"rendered":"http:\/\/www.grandcafe-kuk.de\/?page_id=49"},"modified":"2018-12-09T11:22:28","modified_gmt":"2018-12-09T11:22:28","slug":"impressum","status":"publish","type":"page","link":"https:\/\/www.grandcafe-kuk.de\/index.php\/impressum\/","title":{"rendered":"Impressum"},"content":{"rendered":"<div class=\"fusion-fullwidth fullwidth-box fusion-builder-row-1 nonhundred-percent-fullwidth non-hundred-percent-height-scrolling\" style=\"--awb-border-radius-top-left:0px;--awb-border-radius-top-right:0px;--awb-border-radius-bottom-right:0px;--awb-border-radius-bottom-left:0px;--awb-margin-top:5%;--awb-margin-bottom:10%;\" ><div class=\"fusion-builder-row fusion-row\"><div class=\"fusion-layout-column fusion_builder_column fusion-builder-column-0 fusion_builder_column_3_4 3_4 fusion-three-fourth fusion-column-first\" style=\"--awb-bg-size:cover;width:75%;width:calc(75% - ( ( 4% ) * 0.75 ) );margin-right: 4%;\"><div class=\"fusion-column-wrapper fusion-flex-column-wrapper-legacy\"><div class=\"fusion-text fusion-text-1\"><h1>Impressum<\/h1>\n<p>Verantwortlich f\u00fcr den Inhalt dieser Seiten gem\u00e4\u00df \u00a75 TMG:<\/p>\n<p>Grand Cafe GD-Verw. GmbH<br \/>\nMarktplatz 5<br \/>\n64283 Darmstadt<\/p>\n<p>Telefon: +49 6151 295400<br \/>\nE-Mail:\u00a0<a href=\"mailto:grandcafe@gastro-group.de\" target=\"_blank\" rel=\"noopener noreferrer\" data-auth=\"NotApplicable\">grandcafe@gastro-group.de<\/a><\/p>\n<p>Gesch\u00e4ftsf\u00fchrer: Georgios Droukas, Dimitri Droukas<\/p>\n<p>Handelsregister Darmstadt HRB 95685 DA<br \/>\nUst-IdNr.: DE 307290655<\/p>\n<\/div><div class=\"fusion-sep-clear\"><\/div><div class=\"fusion-separator fusion-full-width-sep\" style=\"margin-left: auto;margin-right: auto;margin-top:3%;width:100%;\"><\/div><div class=\"fusion-sep-clear\"><\/div><div class=\"fusion-text fusion-text-2\"><div class=\"et_pb_column et_pb_column_2_3 et_pb_column_1 et_pb_css_mix_blend_mode_passthrough\">\n<div class=\"et_pb_module et_pb_text et_pb_text_1 et_pb_bg_layout_light et_pb_text_align_left\">\n<div class=\"et_pb_text_inner\">\n<h2>Allgemeine Informationen und\u00a0Haftungsausschluss<\/h2>\n<p>Alle Texte, Bilder und Gestaltungselemente auf dieser Website sind urheberrechtlich gesch\u00fctzt. Die Vervielf\u00e4ltigung, Bearbeitung, Verbreitung und jede Art der Verwertung au\u00dferhalb der Grenzen des Urheberrechts bed\u00fcrfen der schriftlichen Zustimmung der Ersteller und sind ansonsten unzul\u00e4ssig und strafbar.<\/p>\n<p>Wir haben die Inhalte unserer Webseite mit gr\u00f6\u00dftm\u00f6glicher Sorgfalt erstellt und aktualisieren sie regelm\u00e4\u00dfig. Wir k\u00f6nnen aber keine Gew\u00e4hr f\u00fcr die Aktualit\u00e4t, Richtigkeit und Vollst\u00e4ndigkeit der hier zur Verf\u00fcgung gestellten Informationen \u00fcbernehmen.<\/p>\n<p>Externe Links f\u00fchren zu anderen Webseiten, auf deren Inhalt wir keinen Einfluss haben und f\u00fcr die wir auch keine Gew\u00e4hr \u00fcbernehmen. F\u00fcr die Inhalte und Richtigkeit der bereitgestellten Informationen ist der jeweilige Anbieter der verlinkten Webseite verantwortlich. Zum Zeitpunkt der Verlinkung haben wir keine Rechtsverst\u00f6\u00dfe erkannt. Sollten uns solche bekannt werden, entfernen wir den Link umgehend.<\/p>\n<\/div>\n<\/div>\n<\/div>\n<\/div><div class=\"fusion-clearfix\"><\/div><\/div><\/div><div class=\"fusion-layout-column fusion_builder_column fusion-builder-column-1 fusion_builder_column_1_4 1_4 fusion-one-fourth fusion-column-last\" style=\"--awb-bg-size:cover;width:25%;width:calc(25% - ( ( 4% ) * 0.25 ) );\"><div class=\"fusion-column-wrapper fusion-flex-column-wrapper-legacy\"><div class=\"fusion-clearfix\"><\/div><\/div><\/div><\/div><\/div>\n","protected":false},"excerpt":{"rendered":"","protected":false},"author":2,"featured_media":0,"parent":0,"menu_order":0,"comment_status":"closed","ping_status":"closed","template":"","meta":[],"_links":{"self":[{"href":"https:\/\/www.grandcafe-kuk.de\/index.php\/wp-json\/wp\/v2\/pages\/49"}],"collection":[{"href":"https:\/\/www.grandcafe-kuk.de\/index.php\/wp-json\/wp\/v2\/pages"}],"about":[{"href":"https:\/\/www.grandcafe-kuk.de\/index.php\/wp-json\/wp\/v2\/types\/page"}],"author":[{"embeddable":true,"href":"https:\/\/www.grandcafe-kuk.de\/index.php\/wp-json\/wp\/v2\/users\/2"}],"replies":[{"embeddable":true,"href":"https:\/\/www.grandcafe-kuk.de\/index.php\/wp-json\/wp\/v2\/comments?post=49"}],"version-history":[{"count":11,"href":"https:\/\/www.grandcafe-kuk.de\/index.php\/wp-json\/wp\/v2\/pages\/49\/revisions"}],"predecessor-version":[{"id":220,"href":"https:\/\/www.grandcafe-kuk.de\/index.php\/wp-json\/wp\/v2\/pages\/49\/revisions\/220"}],"wp:attachment":[{"href":"https:\/\/www.grandcafe-kuk.de\/index.php\/wp-json\/wp\/v2\/media?parent=49"}],"curies":[{"name":"wp","href":"https:\/\/api.w.org\/{rel}","templated":true}]}}