{"id":51,"date":"2018-07-23T11:53:06","date_gmt":"2018-07-23T11:53:06","guid":{"rendered":"http:\/\/www.grandcafe-kuk.de\/?page_id=51"},"modified":"2018-12-15T10:53:04","modified_gmt":"2018-12-15T10:53:04","slug":"datenschutz","status":"publish","type":"page","link":"https:\/\/www.grandcafe-kuk.de\/index.php\/datenschutz\/","title":{"rendered":"Datenschutz"},"content":{"rendered":"<div class=\"fusion-fullwidth fullwidth-box fusion-builder-row-1 nonhundred-percent-fullwidth non-hundred-percent-height-scrolling\" style=\"--awb-border-radius-top-left:0px;--awb-border-radius-top-right:0px;--awb-border-radius-bottom-right:0px;--awb-border-radius-bottom-left:0px;--awb-margin-top:5%;\" ><div class=\"fusion-builder-row fusion-row\"><div class=\"fusion-layout-column fusion_builder_column fusion-builder-column-0 fusion_builder_column_3_4 3_4 fusion-three-fourth fusion-column-first\" style=\"--awb-bg-size:cover;width:75%;width:calc(75% - ( ( 4% ) * 0.75 ) );margin-right: 4%;\"><div class=\"fusion-column-wrapper fusion-flex-column-wrapper-legacy\"><div class=\"fusion-text fusion-text-1\"><h1>Datenschutzerkl\u00e4rung<\/h1>\n<p>Verantwortliche Stelle im Sinne der Datenschutzgesetze ist:<\/p>\n<p>Grand Cafe GD-Verw. GmbH<br \/>\nMarktplatz 5<br \/>\n64283 Darmstadt<\/p>\n<p>Telefon: +49 6151 295400<br \/>\nE-Mail:\u00a0<a href=\"mailto:grandcafe@gastro-group.de\" target=\"_blank\" rel=\"noopener noreferrer\" data-auth=\"NotApplicable\">grandcafe@gastro-group.de<\/a><\/p>\n<h2>Ihre Betroffenenrechte<\/h2>\n<p>Unter den angegebenen Kontaktdaten k\u00f6nnen Sie jederzeit folgende Rechte aus\u00fcben:<\/p>\n<ul>\n<li>Auskunft \u00fcber Ihre bei uns gespeicherten Daten und deren Verarbeitung (Art. 15 DSGVO),<\/li>\n<li>Berichtigung unrichtiger personenbezogener Daten (Art. 16 DSGVO),<\/li>\n<li>L\u00f6schung Ihrer bei uns gespeicherten Daten (Art. 17 DSGVO),<\/li>\n<li>Einschr\u00e4nkung der Datenverarbeitung, sofern wir Ihre Daten aufgrund gesetzlicher Pflichten noch nicht l\u00f6schen d\u00fcrfen (Art. 18 DSGVO),<\/li>\n<li>Widerspruch gegen die Verarbeitung Ihrer Daten bei uns (Art. 21 DSGVO) und<\/li>\n<li>Daten\u00fcbertragbarkeit, sofern Sie in die Datenverarbeitung eingewilligt haben oder einen Vertrag mit uns abgeschlossen haben (Art. 20 DSGVO).<\/li>\n<\/ul>\n<p>Sofern Sie uns eine Einwilligung erteilt haben, k\u00f6nnen Sie diese jederzeit mit Wirkung f\u00fcr die Zukunft widerrufen.<\/p>\n<p>Sie k\u00f6nnen sich jederzeit mit einer Beschwerde an eine Aufsichtsbeh\u00f6rde wenden, z. B. an die zust\u00e4ndige Aufsichtsbeh\u00f6rde des Bundeslands Ihres Wohnsitzes oder an die f\u00fcr uns als verantwortliche Stelle zust\u00e4ndige Beh\u00f6rde.<\/p>\n<h2>Erfassung allgemeiner Informationen beim Besuch unserer Website<\/h2>\n<p>Wenn Sie auf unsere Website zugreifen, werden automatisch Informationen allgemeiner Natur erfasst. Diese Informationen (Server-Logfiles) beinhalten etwa die Art des Webbrowsers, das verwendete Betriebssystem, den Domainnamen Ihres Internet-Service-Providers, Ihre IP-Adresse und \u00e4hnliches. Hierbei handelt es sich ausschlie\u00dflich um Informationen, welche keine R\u00fcckschl\u00fcsse auf Ihre Person zulassen.<\/p>\n<p>Sie werden insbesondere zu folgenden Zwecken verarbeitet:<\/p>\n<ul>\n<li>Sicherstellung eines problemlosen Verbindungsaufbaus der Website,<\/li>\n<li>Sicherstellung einer reibungslosen Nutzung unserer Website,<\/li>\n<li>Auswertung der Systemsicherheit und -stabilit\u00e4t sowie<\/li>\n<li>zu weiteren administrativen Zwecken.<\/li>\n<\/ul>\n<p>Wir verwenden Ihre Daten nicht, um R\u00fcckschl\u00fcsse auf Ihre Person zu ziehen. Informationen dieser Art werden von uns ggfs. statistisch ausgewertet, um unseren Internetauftritt und die dahinterstehende Technik zu optimieren.<\/p>\n<p>Empf\u00e4nger der Daten sind ggf. technische Dienstleister, die f\u00fcr den Betrieb und die Wartung unserer Webseite als Auftragsverarbeiter t\u00e4tig werden.<\/p>\n<p>Die Daten werden gel\u00f6scht, sobald diese f\u00fcr den Zweck der Erhebung nicht mehr erforderlich sind. Dies ist f\u00fcr die Daten, die der Bereitstellung der Webseite dienen, grunds\u00e4tzlich der Fall, wenn die jeweilige Sitzung beendet ist.<\/p>\n<h2>Cookies<\/h2>\n<p>Wie viele andere Webseiten verwenden wir auch so genannte \u201eCookies\u201c. Cookies sind kleine Textdateien, die von einem Websiteserver auf Ihre Festplatte \u00fcbertragen werden. Hierdurch erhalten wir automatisch bestimmte Daten wie z. B. IP-Adresse, verwendeter Browser, Betriebssystem und Ihre Verbindung zum Internet.<\/p>\n<p>Cookies k\u00f6nnen nicht verwendet werden, um Programme zu starten oder Viren auf einen Computer zu \u00fcbertragen. Anhand der in Cookies enthaltenen Informationen k\u00f6nnen wir Ihnen die Navigation erleichtern und die korrekte Anzeige unserer Webseiten erm\u00f6glichen.<\/p>\n<p>In keinem Fall werden die von uns erfassten Daten an Dritte weitergegeben oder ohne Ihre Einwilligung eine Verkn\u00fcpfung mit personenbezogenen Daten hergestellt.<\/p>\n<p>Nat\u00fcrlich k\u00f6nnen Sie unsere Website grunds\u00e4tzlich auch ohne Cookies betrachten. Internet-Browser sind regelm\u00e4\u00dfig so eingestellt, dass sie Cookies akzeptieren. Im Allgemeinen k\u00f6nnen Sie die Verwendung von Cookies jederzeit \u00fcber die Einstellungen Ihres Browsers deaktivieren. Bitte verwenden Sie die Hilfefunktionen Ihres Internetbrowsers, um zu erfahren, wie Sie diese Einstellungen \u00e4ndern k\u00f6nnen. Bitte beachten Sie, dass einzelne Funktionen unserer Website m\u00f6glicherweise nicht funktionieren, wenn Sie die Verwendung von Cookies deaktiviert haben.<\/p>\n<h2>Kontakt per E-Mail<\/h2>\n<p>Die von Ihnen angegebenen Daten werden zum Zweck der individuellen Kommunikation mit Ihnen gespeichert. Hierf\u00fcr ist die Angabe einer validen E-Mail-Adresse sowie Ihres Namens erforderlich. Diese dient der Zuordnung der Anfrage und der anschlie\u00dfenden Beantwortung derselben. Die Angabe weiterer Daten ist optional.<\/p>\n<p>Sofern Sie mit uns Kontakt aufnehmen, um bspw. eine Reservierung zu t\u00e4tigen oder ein Angebot zu erfragen, erfolgt die Verarbeitung der von Ihnen angegebenen Daten zur Durchf\u00fchrung vorvertraglicher Ma\u00dfnahmen. Die Bereitstellung Ihrer personenbezogenen Daten erfolgt freiwillig. Wir k\u00f6nnen Ihre Anfrage jedoch nur bearbeiten, sofern Sie uns Ihren Namen, Ihre E-Mail-Adresse und den Grund der Anfrage mitteilen.<\/p>\n<h2>SSL-Verschl\u00fcsselung<\/h2>\n<p>Um die Sicherheit Ihrer Daten bei der \u00dcbertragung zu sch\u00fctzen, verwenden wir dem aktuellen Stand der Technik entsprechende Verschl\u00fcsselungsverfahren (SSL) \u00fcber HTTPS.<\/p>\n<h2>Social Media Profile<\/h2>\n<p>Wir betreiben ein Unternehmensprofil, eine sog. Fanpage auf dem sozialen Netzwerk Facebook (Facebook Ireland Ltd., 4 Grand Canal Square, Grand Canal Harbour, Dublin 2, Irland). Wir m\u00f6chten \u00fcber dieses Profil mit Personen unseres Kunden-, Partner- und Interessentenkreises, die auf diesem Netzwerk aktiv sind, in Kontakt bleiben, mit ihnen kommunizieren und sie zielgerichtet \u00fcber unsere Aktivit\u00e4ten und unser Produkt- und Leistungsangebot informieren.<\/p>\n<p>Wir nutzen f\u00fcr unsere Kommunikation \u00fcber soziale Medien internationale Netzwerke, weshalb Daten der Nutzer dieser Netzwerke auch au\u00dferhalb des Raumes der Europ\u00e4ischen Union verarbeitet werden k\u00f6nnen. US-Anbieter, die unter dem Privacy Shield zertifiziert sind, verpflichten sich dabei, die Datenschutzstandards der Europ\u00e4ischen Union einzuhalten, s. auch <a href=\"https:\/\/www.privacyshield.gov\/participant?id=a2zt0000000GnywAAC&amp;status=Active\" target=\"_blank\" rel=\"noopener\">Privacy Shield Facebook<\/a>.<\/p>\n<p>Detaillierte Erl\u00e4uterungen zum Datenschutz von Facebook finden Sie unter:\u00a0<a href=\"https:\/\/www.facebook.com\/privacy\/explanation\" target=\"_blank\" rel=\"noopener\">https:\/\/www.facebook.com\/privacy\/explanation<\/a><\/p>\n<p>Bitte beachten Sie, dass Ihre Daten f\u00fcr Werbe- und Marktforschungszwecke verarbeitet werden k\u00f6nnen, wenn Sie als Nutzer auf sozialen Netzwerken registriert und aktiv sind. Es k\u00f6nnen bspw. Nutzerprofile erstellt werden, die sich aus dem Verhalten und den Interessen von Nutzern auf diesen Plattformen ergeben. Nutzerprofile k\u00f6nnen z.B. dazu genutzt werden, um Werbung zu schalten, die sich an den Interessen von Nutzern orientiert. In aller Regel werden f\u00fcr diese Zwecke Cookies eingesetzt.<\/p>\n<p>Sie haben als Nutzer von sozialen Netzwerken verschiedene M\u00f6glichkeiten, Einstellungen zur Nutzung Ihrer Daten f\u00fcr Werbezwecke vorzunehmen. F\u00fcr das betreffende Netzwerk finden Sie diese unter: <a href=\"https:\/\/www.facebook.com\/settings?tab=ads\" target=\"_blank\" rel=\"noopener\">https:\/\/www.facebook.com\/settings?tab=ads<\/a><\/p>\n<p>Wir m\u00f6chten darauf hinweisen, dass Anfragen auf Auskunft oder Geltendmachung von Rechten von Nutzern am effektivsten bei den Netzwerk-Anbietern vorgenommen werden k\u00f6nnen. Nur die Anbieter selber k\u00f6nnen umfassende Auskunft erteilen oder entsprechende Ma\u00dfnahmen vornehmen. Nichtsdestotrotz k\u00f6nnen Sie sich bei Fragen auch an uns wenden.<\/p>\n<h2>\u00c4nderung unserer Datenschutzbestimmungen<\/h2>\n<p>Wir behalten uns vor, diese Datenschutzerkl\u00e4rung anzupassen, damit sie stets den aktuellen rechtlichen Anforderungen entspricht oder um \u00c4nderungen unserer Leistungen in der Datenschutzerkl\u00e4rung umzusetzen, z.B. bei der Einf\u00fchrung neuer Services. F\u00fcr Ihren erneuten Besuch gilt dann die neue Datenschutzerkl\u00e4rung.<\/p>\n<h2>Fragen zum Datenschutz<\/h2>\n<p>Wenn Sie Fragen zum Datenschutz haben, schreiben Sie uns bitte eine E-Mail oder wenden Sie sich direkt an die oben angegebene Adresse.<\/p>\n<p><em>Die Datenschutzerkl\u00e4rung wurde unter Zuhilfenahme des Datenschutzerkl\u00e4rungs-Generators der activeMind AG erstellt und unseren individuellen Anforderungen angepasst.<\/em><\/p>\n<\/div><div class=\"fusion-clearfix\"><\/div><\/div><\/div><div class=\"fusion-layout-column fusion_builder_column fusion-builder-column-1 fusion_builder_column_1_4 1_4 fusion-one-fourth fusion-column-last\" style=\"--awb-bg-size:cover;width:25%;width:calc(25% - ( ( 4% ) * 0.25 ) );\"><div class=\"fusion-column-wrapper fusion-flex-column-wrapper-legacy\"><div class=\"fusion-clearfix\"><\/div><\/div><\/div><\/div><\/div>\n","protected":false},"excerpt":{"rendered":"","protected":false},"author":2,"featured_media":0,"parent":0,"menu_order":0,"comment_status":"closed","ping_status":"closed","template":"","meta":[],"_links":{"self":[{"href":"https:\/\/www.grandcafe-kuk.de\/index.php\/wp-json\/wp\/v2\/pages\/51"}],"collection":[{"href":"https:\/\/www.grandcafe-kuk.de\/index.php\/wp-json\/wp\/v2\/pages"}],"about":[{"href":"https:\/\/www.grandcafe-kuk.de\/index.php\/wp-json\/wp\/v2\/types\/page"}],"author":[{"embeddable":true,"href":"https:\/\/www.grandcafe-kuk.de\/index.php\/wp-json\/wp\/v2\/users\/2"}],"replies":[{"embeddable":true,"href":"https:\/\/www.grandcafe-kuk.de\/index.php\/wp-json\/wp\/v2\/comments?post=51"}],"version-history":[{"count":10,"href":"https:\/\/www.grandcafe-kuk.de\/index.php\/wp-json\/wp\/v2\/pages\/51\/revisions"}],"predecessor-version":[{"id":243,"href":"https:\/\/www.grandcafe-kuk.de\/index.php\/wp-json\/wp\/v2\/pages\/51\/revisions\/243"}],"wp:attachment":[{"href":"https:\/\/www.grandcafe-kuk.de\/index.php\/wp-json\/wp\/v2\/media?parent=51"}],"curies":[{"name":"wp","href":"https:\/\/api.w.org\/{rel}","templated":true}]}}

<div class="fusion-fullwidth fullwidth-box fusion-builder-row-1 nonhundred-percent-fullwidth non-hundred-percent-height-scrolling" style="--awb-border-radius-top-left:0px;--awb-border-radius-top-right:0px;--awb-border-radius-bottom-right:0px;--awb-border-radius-bottom-left:0px;--awb-margin-top:5%;" ><div class="fusion-builder-row fusion-row"><div class="fusion-layout-column fusion_builder_column fusion-builder-column-0 fusion_builder_column_3_4 3_4 fusion-three-fourth fusion-column-first" style="--awb-bg-size:cover;width:75%;width:calc(75% - ( ( 4% ) * 0.75 ) );margin-right: 4%;"><div class="fusion-column-wrapper fusion-flex-column-wrapper-legacy"><div class="fusion-text fusion-text-1"><h1>Datenschutzerklärung</h1>
<p>Verantwortliche Stelle im Sinne der Datenschutzgesetze ist:</p>
<p>Grand Cafe GD-Verw. GmbH<br />
Marktplatz 5<br />
64283 Darmstadt</p>
<p>Telefon: +49 6151 295400<br />
E-Mail: <a href="mailto:grandcafe@gastro-group.de" target="_blank" rel="noopener noreferrer" data-auth="NotApplicable">grandcafe@gastro-group.de</a></p>
<h2>Ihre Betroffenenrechte</h2>
<p>Unter den angegebenen Kontaktdaten können Sie jederzeit folgende Rechte ausüben:</p>
<ul>
<li>Auskunft über Ihre bei uns gespeicherten Daten und deren Verarbeitung (Art. 15 DSGVO),</li>
<li>Berichtigung unrichtiger personenbezogener Daten (Art. 16 DSGVO),</li>
<li>Löschung Ihrer bei uns gespeicherten Daten (Art. 17 DSGVO),</li>
<li>Einschränkung der Datenverarbeitung, sofern wir Ihre Daten aufgrund gesetzlicher Pflichten noch nicht löschen dürfen (Art. 18 DSGVO),</li>
<li>Widerspruch gegen die Verarbeitung Ihrer Daten bei uns (Art. 21 DSGVO) und</li>
<li>Datenübertragbarkeit, sofern Sie in die Datenverarbeitung eingewilligt haben oder einen Vertrag mit uns abgeschlossen haben (Art. 20 DSGVO).</li>
</ul>
<p>Sofern Sie uns eine Einwilligung erteilt haben, können Sie diese jederzeit mit Wirkung für die Zukunft widerrufen.</p>
<p>Sie können sich jederzeit mit einer Beschwerde an eine Aufsichtsbehörde wenden, z. B. an die zuständige Aufsichtsbehörde des Bundeslands Ihres Wohnsitzes oder an die für uns als verantwortliche Stelle zuständige Behörde.</p>
<h2>Erfassung allgemeiner Informationen beim Besuch unserer Website</h2>
<p>Wenn Sie auf unsere Website zugreifen, werden automatisch Informationen allgemeiner Natur erfasst. Diese Informationen (Server-Logfiles) beinhalten etwa die Art des Webbrowsers, das verwendete Betriebssystem, den Domainnamen Ihres Internet-Service-Providers, Ihre IP-Adresse und ähnliches. Hierbei handelt es sich ausschließlich um Informationen, welche keine Rückschlüsse auf Ihre Person zulassen.</p>
<p>Sie werden insbesondere zu folgenden Zwecken verarbeitet:</p>
<ul>
<li>Sicherstellung eines problemlosen Verbindungsaufbaus der Website,</li>
<li>Sicherstellung einer reibungslosen Nutzung unserer Website,</li>
<li>Auswertung der Systemsicherheit und -stabilität sowie</li>
<li>zu weiteren administrativen Zwecken.</li>
</ul>
<p>Wir verwenden Ihre Daten nicht, um Rückschlüsse auf Ihre Person zu ziehen. Informationen dieser Art werden von uns ggfs. statistisch ausgewertet, um unseren Internetauftritt und die dahinterstehende Technik zu optimieren.</p>
<p>Empfänger der Daten sind ggf. technische Dienstleister, die für den Betrieb und die Wartung unserer Webseite als Auftragsverarbeiter tätig werden.</p>
<p>Die Daten werden gelöscht, sobald diese für den Zweck der Erhebung nicht mehr erforderlich sind. Dies ist für die Daten, die der Bereitstellung der Webseite dienen, grundsätzlich der Fall, wenn die jeweilige Sitzung beendet ist.</p>
<h2>Cookies</h2>
<p>Wie viele andere Webseiten verwenden wir auch so genannte „Cookies“. Cookies sind kleine Textdateien, die von einem Websiteserver auf Ihre Festplatte übertragen werden. Hierdurch erhalten wir automatisch bestimmte Daten wie z. B. IP-Adresse, verwendeter Browser, Betriebssystem und Ihre Verbindung zum Internet.</p>
<p>Cookies können nicht verwendet werden, um Programme zu starten oder Viren auf einen Computer zu übertragen. Anhand der in Cookies enthaltenen Informationen können wir Ihnen die Navigation erleichtern und die korrekte Anzeige unserer Webseiten ermöglichen.</p>
<p>In keinem Fall werden die von uns erfassten Daten an Dritte weitergegeben oder ohne Ihre Einwilligung eine Verknüpfung mit personenbezogenen Daten hergestellt.</p>
<p>Natürlich können Sie unsere Website grundsätzlich auch ohne Cookies betrachten. Internet-Browser sind regelmäßig so eingestellt, dass sie Cookies akzeptieren. Im Allgemeinen können Sie die Verwendung von Cookies jederzeit über die Einstellungen Ihres Browsers deaktivieren. Bitte verwenden Sie die Hilfefunktionen Ihres Internetbrowsers, um zu erfahren, wie Sie diese Einstellungen ändern können. Bitte beachten Sie, dass einzelne Funktionen unserer Website möglicherweise nicht funktionieren, wenn Sie die Verwendung von Cookies deaktiviert haben.</p>
<h2>Kontakt per E-Mail</h2>
<p>Die von Ihnen angegebenen Daten werden zum Zweck der individuellen Kommunikation mit Ihnen gespeichert. Hierfür ist die Angabe einer validen E-Mail-Adresse sowie Ihres Namens erforderlich. Diese dient der Zuordnung der Anfrage und der anschließenden Beantwortung derselben. Die Angabe weiterer Daten ist optional.</p>
<p>Sofern Sie mit uns Kontakt aufnehmen, um bspw. eine Reservierung zu tätigen oder ein Angebot zu erfragen, erfolgt die Verarbeitung der von Ihnen angegebenen Daten zur Durchführung vorvertraglicher Maßnahmen. Die Bereitstellung Ihrer personenbezogenen Daten erfolgt freiwillig. Wir können Ihre Anfrage jedoch nur bearbeiten, sofern Sie uns Ihren Namen, Ihre E-Mail-Adresse und den Grund der Anfrage mitteilen.</p>
<h2>SSL-Verschlüsselung</h2>
<p>Um die Sicherheit Ihrer Daten bei der Übertragung zu schützen, verwenden wir dem aktuellen Stand der Technik entsprechende Verschlüsselungsverfahren (SSL) über HTTPS.</p>
<h2>Social Media Profile</h2>
<p>Wir betreiben ein Unternehmensprofil, eine sog. Fanpage auf dem sozialen Netzwerk Facebook (Facebook Ireland Ltd., 4 Grand Canal Square, Grand Canal Harbour, Dublin 2, Irland). Wir möchten über dieses Profil mit Personen unseres Kunden-, Partner- und Interessentenkreises, die auf diesem Netzwerk aktiv sind, in Kontakt bleiben, mit ihnen kommunizieren und sie zielgerichtet über unsere Aktivitäten und unser Produkt- und Leistungsangebot informieren.</p>
<p>Wir nutzen für unsere Kommunikation über soziale Medien internationale Netzwerke, weshalb Daten der Nutzer dieser Netzwerke auch außerhalb des Raumes der Europäischen Union verarbeitet werden können. US-Anbieter, die unter dem Privacy Shield zertifiziert sind, verpflichten sich dabei, die Datenschutzstandards der Europäischen Union einzuhalten, s. auch <a href="https://www.privacyshield.gov/participant?id=a2zt0000000GnywAAC&amp;status=Active" target="_blank" rel="noopener">Privacy Shield Facebook</a>.</p>
<p>Detaillierte Erläuterungen zum Datenschutz von Facebook finden Sie unter: <a href="https://www.facebook.com/privacy/explanation" target="_blank" rel="noopener">https://www.facebook.com/privacy/explanation</a></p>
<p>Bitte beachten Sie, dass Ihre Daten für Werbe- und Marktforschungszwecke verarbeitet werden können, wenn Sie als Nutzer auf sozialen Netzwerken registriert und aktiv sind. Es können bspw. Nutzerprofile erstellt werden, die sich aus dem Verhalten und den Interessen von Nutzern auf diesen Plattformen ergeben. Nutzerprofile können z.B. dazu genutzt werden, um Werbung zu schalten, die sich an den Interessen von Nutzern orientiert. In aller Regel werden für diese Zwecke Cookies eingesetzt.</p>
<p>Sie haben als Nutzer von sozialen Netzwerken verschiedene Möglichkeiten, Einstellungen zur Nutzung Ihrer Daten für Werbezwecke vorzunehmen. Für das betreffende Netzwerk finden Sie diese unter: <a href="https://www.facebook.com/settings?tab=ads" target="_blank" rel="noopener">https://www.facebook.com/settings?tab=ads</a></p>
<p>Wir möchten darauf hinweisen, dass Anfragen auf Auskunft oder Geltendmachung von Rechten von Nutzern am effektivsten bei den Netzwerk-Anbietern vorgenommen werden können. Nur die Anbieter selber können umfassende Auskunft erteilen oder entsprechende Maßnahmen vornehmen. Nichtsdestotrotz können Sie sich bei Fragen auch an uns wenden.</p>
<h2>Änderung unserer Datenschutzbestimmungen</h2>
<p>Wir behalten uns vor, diese Datenschutzerklärung anzupassen, damit sie stets den aktuellen rechtlichen Anforderungen entspricht oder um Änderungen unserer Leistungen in der Datenschutzerklärung umzusetzen, z.B. bei der Einführung neuer Services. Für Ihren erneuten Besuch gilt dann die neue Datenschutzerklärung.</p>
<h2>Fragen zum Datenschutz</h2>
<p>Wenn Sie Fragen zum Datenschutz haben, schreiben Sie uns bitte eine E-Mail oder wenden Sie sich direkt an die oben angegebene Adresse.</p>
<p><em>Die Datenschutzerklärung wurde unter Zuhilfenahme des Datenschutzerklärungs-Generators der activeMind AG erstellt und unseren individuellen Anforderungen angepasst.</em></p>
</div><div class="fusion-clearfix"></div></div></div><div class="fusion-layout-column fusion_builder_column fusion-builder-column-1 fusion_builder_column_1_4 1_4 fusion-one-fourth fusion-column-last" style="--awb-bg-size:cover;width:25%;width:calc(25% - ( ( 4% ) * 0.25 ) );"><div class="fusion-column-wrapper fusion-flex-column-wrapper-legacy"><div class="fusion-clearfix"></div></div></div></div></div>
